822252 and 156.
12
Calculate the highest common divisor of 101055 and 15.
15
Calculate the greatest common factor of 175 and 4439225.
175
Calculate the highest common divisor of 296 and 75776.
296
Calculate the highest common factor of 33 and 11616451.
11
What is the greatest common factor of 11634 and 210?
42
What is the greatest common divisor of 231518 and 7?
7
What is the greatest common factor of 244 and 12244?
4
Calculate the greatest common divisor of 5496 and 180.
12
What is the greatest common divisor of 3242706 and 1818?
606
Calculate the greatest common factor of 101832 and 168.
24
Calculate the highest common factor of 2 and 1908.
2
Calculate the greatest common factor of 737 and 2479.
67
What is the highest common divisor of 20862 and 324?
18
Calculate the greatest common divisor of 1050238 and 14.
14
Calculate the greatest common divisor of 31313 and 17300.
173
Calculate the highest common divisor of 8931 and 429.
39
What is the greatest common factor of 21 and 17213?
7
What is the greatest common divisor of 2044 and 322?
14
Calculate the greatest common divisor of 339 and 194812.
113
Calculate the greatest common factor of 1635 and 93740.
545
What is the highest common factor of 870 and 413366?
58
What is the greatest common divisor of 286 and 11396?
22
Calculate the greatest common factor of 6057 and 438.
3
Calculate the greatest common factor of 2875 and 18605.
5
What is the highest common factor of 54657 and 387?
9
What is the greatest common factor of 26 and 15453334?
26
What is the greatest common divisor of 39701 and 116?
29
What is the greatest common factor of 6110 and 10152?
94
Calculate the greatest common factor of 2232 and 5808.
24
What is the highest common factor of 144117 and 478?
239
What is the greatest common factor of 54700 and 40?
20
What is the greatest common factor of 101700 and 229164?
1356
Calculate the greatest common divisor of 33 and 2189.
11
Calculate the greatest common factor of 8 and 295096.
8
What is the greatest common divisor of 1520 and 10203?
19
Calculate the highest common divisor of 239751 and 45.
9
What is the greatest common factor of 96861 and 97639?
389
Calculate the greatest common divisor of 1747150 and 3368.
842
Calculate the highest common divisor of 514 and 472366.
514
Calculate the highest common factor of 470 and 79054.
94
Calculate the greatest common divisor of 150 and 130725.
75
What is the highest common divisor of 169360 and 2000?
80
Calculate the greatest common divisor of 387427 and 61605.
1369
What is the highest common factor of 563109 and 69?
69
Calculate the greatest common divisor of 1782 and 5302.
22
Calculate the greatest common divisor of 10672 and 391.
23
What is the greatest common divisor of 104983 and 10249?
277
What is the greatest common divisor of 1695179 and 5188?
1297
Calculate the greatest common factor of 43600 and 40000.
400
Calculate the highest common divisor of 356 and 172.
4
What is the highest common factor of 604 and 139826?
302
Calculate the greatest common factor of 42303 and 12567.
177
What is the greatest common factor of 19 and 81833?
19
Calculate the greatest common divisor of 913 and 1896218.
83
Calculate the highest common factor of 9 and 821.
1
What is the highest common divisor of 18 and 226584?
18
What is the highest common factor of 24 and 2824296?
24
What is the highest common factor of 150245 and 8955?
995
What is the highest common factor of 249 and 626235?
249
Calculate the greatest common divisor of 3171 and 6191.
151
Calculate the highest common divisor of 8694 and 1104.
138
Calculate the highest common divisor of 29058 and 638.
58
Calculate the highest common divisor of 153943 and 514.
257
Calculate the greatest common factor of 5658 and 48.
6
Calculate the greatest common divisor of 5796 and 10080.
252
Calculate the highest common divisor of 381450 and 425.
25
Calculate the greatest common factor of 45 and 11595.
15
What is the highest common factor of 3616 and 26912?
32
Calculate the highest common divisor of 3190 and 517650.
290
What is the greatest common factor of 444 and 44067?
111
Calculate the highest common divisor of 77 and 1146761.
77
What is the greatest common factor of 1665751 and 433?
433
What is the greatest common divisor of 13180 and 620?
20
What is the greatest common divisor of 257432 and 168?
56
What is the highest common factor of 241594 and 226?
226
What is the greatest common divisor of 8340 and 120?
60
Calculate the highest common factor of 148 and 45072.
4
Calculate the greatest common factor of 35 and 896.
7
Calculate the highest common factor of 537 and 95407.
179
Calculate the greatest common factor of 3570 and 12.
6
Calculate the highest common factor of 219988 and 10.
2
Calculate the greatest common factor of 32457 and 6631.
349
Calculate the greatest common divisor of 18317 and 91.
13
What is the highest common divisor of 8249 and 5183?
73
Calculate the highest common factor of 543 and 24462693.
543
What is the highest common divisor of 329 and 3807?
47
What is the highest common factor of 253820 and 3700?
740
What is the highest common factor of 15210 and 6285?
15
Calculate the greatest common factor of 583686 and 45.
9
What is the highest common factor of 12 and 164976?
12
What is the highest common divisor of 96 and 40152?
24
Calculate the greatest common factor of 244764 and 468.
468
Calculate the greatest common factor of 845 and 265.
5
What is the greatest common factor of 9372181 and 91?
91
What is the highest common divisor of 4425 and 9600?
75
Calculate the highest common factor of 3885 and 399.
21
What is the greatest common factor of 16 and 13736?
8
What is the greatest common factor of 17095 and 130?
65
Calculate the greatest common divisor of 408 and 169864.
136
Calculate the greatest common divisor of 86142 and 117786.
1758
What is the highest common factor of 31864 and 2296?
56
What is the highest common factor of 91072 and 27037?
1423
What is the greatest common factor of 119 and 36346?
17
Calculate the highest common divisor of 566 and 759289.
283
What is the highest common divisor of 49522 and 44?
22
What is the highest common factor of 11008 and 2624?
64
Calculate the greatest common factor of 81396 and 5202.
306
Calculate the greatest common divisor of 36 and 16332.
12
Calculate the greatest common divisor of 2282 and 224.
14
What is the greatest common divisor of 293760 and 136?
136
Calculate the greatest common factor of 114543 and 1602.
801
Calculate the greatest common factor of 872 and 50903.
109
Calculate the highest common factor of 124180 and 140.
140
What is the greatest common divisor of 308 and 140756?
308
What is the greatest common factor of 8932 and 728596?
1276
Calculate the highest common divisor of 405 and 14310.
135
Calculate the highest common divisor of 837 and 713.
31
Calculate the greatest common factor of 21216 and 3315.
663
Calculate the greatest common factor of 432 and 365616.
144
Calculate the greatest common divisor of 448938 and 9.
9
Calculate the greatest common factor of 50046 and 114.
114
What is the highest common divisor of 7447126 and 38?
38
Calculate the greatest common factor of 200 and 112400.
200
What is the highest common factor of 315 and 89955?
45
Calculate the greatest common divisor of 286 and 314457.
143
What is the greatest common factor of 47173 and 69?
23
What is the greatest common divisor of 26 and 187018?
26
What is the highest common factor of 949 and 13?
13
Calculate the highest common factor of 4256 and 113316.
532
What is the highest common divisor of 20311 and 247?
19
Calculate the greatest common factor of 540 and 162270.
270
What is the greatest common divisor of 1107 and 244401?
123
What is the greatest common divisor of 519 and 62626?
173
What is the greatest common factor of 666571 and 239?
239
Calculate the highest common factor of 856727 and 69.
23
What is the highest common divisor of 21700 and 18900?
700
Calculate the greatest common divisor of 15562 and 217.
31
Calculate the highest common divisor of 70 and 485410.
10
Calculate the greatest common factor of 19 and 2698247.
19
What is the highest common divisor of 3416 and 104920?
488
What is the greatest common divisor of 65 and 11005?
5
What is the greatest